*x + 30. Determine c(-3).
-18
Let t(h) = 2*h**3 + 37*h**2 + 16*h - 45. What is t(-18)?
-9
Let j(i) = -i**3 + 17*i**2 - 66*i + 67. What is j(12)?
-5
Let i(a) = a**3 - 9*a**2 + 7*a + 4. Calculate i(8).
-4
Let f(h) = -11*h + 205. Determine f(18).
7
Let o(w) = -2*w**2 - 7*w - 1. What is o(-6)?
-31
Let h(m) = m**2 - 83*m + 677. Give h(9).
11
Let s(g) = 4*g + 17. What is s(-5)?
-3
Let k(j) = j**2 - 11*j + 21. Calculate k(7).
-7
Let p(t) = t**3 - 4*t**2 - t + 1. Give p(4).
-3
Let y(s) = 12*s**2 - 1. Calculate y(1).
11
Let w(c) = -30*c**3 + 2*c**2 - 1. What is w(-1)?
31
Let l(v) = -v**2 + 3*v + 84. Determine l(-8).
-4
Let u(g) = 5*g**3 - g**2 - 2*g + 2. What is u(1)?
4
Let n(m) = 50*m - 301. Calculate n(6).
-1
Let z(s) = -17*s - 35. Calculate z(-2).
-1
Let w(a) = 9*a - 207. Calculate w(19).
-36
Let n(x) = -x + 20. Determine n(16).
4
Let t(p) = p**3 + 7*p**2 + 4. What is t(-7)?
4
Let y(i) = i**3 - 8*i**2 - i + 7. What is y(7)?
-49
Let m(n) = n**2 - n - 1. Give m(0).
-1
Let y(u) = -4*u + 10. Calculate y(8).
-22
Let g(m) = m**2 - 5*m + 7. Determine g(6).
13
Let c(f) = -f**3 - 7*f**2 - 2*f - 6. What is c(-7)?
8
Let v(q) = q**3 + 11*q**2 - 42*q. Determine v(-14).
0
Let y(r) = -r**3 - 15*r**2 - 13*r + 5. What is y(-14)?
-9
Let d(b) = -b**3 + 13*b**2 - 14*b + 17. Calculate d(12).
-7
Let o(k) = -k**3 + 7*k + 11. Determine o(-2).
5
Let d(n) = -n - 66. Determine d(-10).
-56
Let l(y) = -25*y + 9. Determine l(1).
-16
Let a(u) = u**3 - 41*u**2 + 40*u + 3. Give a(40).
3
Let l(t) = t**3 - 3*t**2 - 4*t + 2. Determine l(4).
2
Let p(s) = -12*s - 9. Calculate p(-5).
51
Let g(d) = -d**2 - 2*d + 4. Calculate g(-6).
-20
Let m(d) = 2*d**2 - 50*d - 110. Give m(27).
-2
Let x(l) = 20*l - 4. What is x(3)?
56
Let b(u) = -3*u**3 - 14*u**2 + 10*u - 2. Give b(-5).
-27
Let w(a) = -3*a + 77. Give w(20).
17
Let t(u) = -u**2 - 4*u + 76. Give t(7).
-1
Let j(f) = -4*f**3. What is j(-1)?
4
Let y(v) = -v**2 + 7*v - 12. What is y(5)?
-2
Let s(q) = q**2 + 9*q + 6. What is s(-12)?
42
Let j(f) = -f**2 - 9*f + 15. Determine j(-10).
5
Let s(y) = -y**3 - 2*y**2 + 3*y + 5. Give s(-1).
1
Let h(u) = u**3 - 5*u**2 - 17*u + 20. Calculate h(6).
-46
Let f(l) = l**3 - 17*l**2 - 17*l + 18. Give f(18).
36
Let m(n) = -n**3 - 10*n**2 + 3*n - 5. What is m(-10)?
-35
Let c(d) = -2*d**3 + d**2 - d - 2. Calculate c(-2).
20
Let p(b) = b**2 + 14*b + 20. Calculate p(-4).
-20
Let f(d) = d**3 + 29*d**2 + 29*d + 28. What is f(-28)?
0
Let i(a) = a**2 + 4*a - 6. Determine i(-5).
-1
Let p(a) = -a**2 - 6*a - 11. Determine p(-2).
-3
Let o(h) = 3*h - 56. Determine o(17).
-5
Let i(n) = 65*n**3 - n**2 + 3*n - 2. Determine i(1).
65
Let z(r) = -33*r + 1. Give z(-3).
100
Let y(v) = -6*v - 1. Determine y(-3).
17
Let a(o) = o**3 + 10*o**2 - 51. What is a(-9)?
30
Let u(j) = 3*j**2 - 94*j + 18. Determine u(31).
-13
Let h(v) = v**3 - 6*v**2 + 5. Give h(6).
5
Let j(c) = c**3 + 25*c**2 - 23*c + 72. Calculate j(-26).
-6
Let b(m) = 2*m**3 - 10*m**2 + 3*m + 3. Give b(4).
-17
Let v(r) = r**2 - 6*r + 3. Determine v(8).
19
Let q(p) = -13*p + 127. Give q(12).
-29
Let h(x) = -5*x - 2. Calculate h(5).
-27
Let a(y) = -3*y - 33. Calculate a(-11).
0
Let o(s) = 8*s - 7. Determine o(5).
33
Let u(a) = a**3 + 13*a**2 + 26*a + 12. What is u(-11)?
-32
Let z(f) = f**3 + 2*f**2 + 4*f + 3. What is z(-3)?
-18
Let x(o) = -25*o + 94. Give x(4).
-6
Let s(h) = -h**3 - 15*h**2 - 14*h - 4. Determine s(-14).
-4
Let i(v) = 4*v - 15. Determine i(2).
-7
Let a(m) = -m**2 + 3*m + 6. Determine a(5).
-4
Let f(u) = -u**3 + 10*u**2 - 9*u - 9. Calculate f(9).
-9
Let v(w) = -w**2 + 25*w - 62. What is v(20)?
38
Let t(a) = a - 36. What is t(10)?
-26
Let l(n) = -n**3 + 3*n**2 - 5*n + 3. Calculate l(2).
-3
Let m(c) = 2*c**2 + 2*c - 8. Determine m(-5).
32
Let z(d) = d - 6. Determine z(-5).
-11
Let h(u) = -3*u**2 - 13*u + 1. Determine h(-4).
5
Let b(h) = -h**2 + h - 19. Give b(0).
-19
Let v(f) = 8*f - 116. Determine v(14).
-4
Let c(v) = 27*v + 229. Calculate c(-9).
-14
Let b(j) = -j**2 - j - 25. What is b(0)?
-25
Let k(g) = -g**2 + 12*g - 3. Calculate k(9).
24
Let g(i) = -8*i - 44. What is g(-20)?
116
Let g(y) = y**2 + 17*y + 18. What is g(-14)?
-24
Let p(r) = -r**2 + 3*r - 1. Calculate p(7).
-29
Let q(g) = 20*g + 8. Calculate q(2).
48
Let v(c) = -c**3 + 2*c**2 + c - 6. Give v(0).
-6
Let i(d) = -6*d**3 + d**2 - 2*d + 1. Determine i(1).
-6
Let z(d) = d**3 + 10*d**2 + 19*d + 16. Calculate z(-8).
-8
Let j(u) = -u**3 + 9*u**2 + 2*u - 102. Determine j(8).
-22
Let c(s) = -2*s**2 + s - 1. Give c(1).
-2
Let n(g) = g**3 + 8*g**2 - 3*g. Give n(-8).
24
Let n(f) = -2*f**2 + 6*f - 9. Calculate n(3).
-9
Let y(p) = p**2 - 13*p - 9. What is y(12)?
-21
Let h(i) = -i + 9. Give h(13).
-4
Let x(a) = a**3 - 6*a**2 - 12*a - 4. Determine x(7).
-39
Let l(q) = -6*q - 3. Give l(8).
-51
Let a(z) = 2*z**3 - 4*z**2 - z + 2. Calculate a(3).
17
Let j(s) = -3*s**2 + 10*s - 5. What is j(7)?
-82
Let z(j) = -j**2 + 16*j + 54. Give z(10).
114
Let k(b) = -b**3 + 16*b**2 + 39*b - 48. Calculate k(18).
6
Let z(p) = 4*p**2 - 37*p + 74. Give z(6).
-4
Let i(d) = 9*d - 4. Give i(3).
23
Let f(l) = l**2 + 2*l - 6. What is f(2)?
2
Let l(y) = y**2 - 9*y - 4. Calculate l(8).
-12
Let q(p) = p**2 + 7*p + 8. Give q(-4).
-4
Let b(y) = -y**3 - 52*y**2 - y - 46. What is b(-52)?
6
Let g(d) = d**3 - 13*d**2 + 15*d + 1. Determine g(12).
37
Let d(k) = k**3 + 6*k**2 - k + 7. Give d(-5).
37
Let u(i) = 3*i + 5. Calculate u(-6).
-13
Let l(h) = h**3 + 14*h**2 - 17*h - 37. Determine l(-15).
-7
Let i(o) = o**2 - o + 1. Determine i(1).
1
Let j(l) = l**2 + 29*l - 28. Give j(-30).
2
Let v(w) = 8*w**3 + w**2 - 2*w - 2. What is v(-1)?
-7
Let y(j) = -14*j + 393. What is y(28)?
1
Let j(k) = 12*k + 4. Give j(1).
16
Let l(u) = u**3 - 2*u**2 - 2*u - 10. Determine l(0).
-10
Let q(d) = -5*d + 9. Give q(4).
-11
Let g(n) = -n**3 + 19*n**2 + n + 27. Calculate g(19).
46
Let a(u) = -u**2 - 9*u + 5. Determine a(-10).
-5
Let t(j) = 2*j**2 + 12*j - 27. Give t(-8).
5
Let h(r) = 5*r**2 + 4*r + 19. Calculate h(-3).
52
Let b(h) = h + 10. Calculate b(-6).
4
Let b(w) = w**2 - 98*w + 461. Give b(5).
-4
Let l(x) = -5*x + 43. Determine l(10).
-7
Let t(s) = 5*s**2 - 28*s. Calculate t(7).
49
Let w(b) = 2*b - 81. What is w(41)?
1
Let i(v) = 3*v**3 + v**2 - v - 1. Determine i(1).
2
Let d(o) = 7*o - 382. Give d(55).
3
Let d(i) = 2*i**2 - 2*i + 1. Determine d(2).
5
Let j(y) = y**2 + 14*y - 4. Give j(-12).
-28
Let o(f) = f**2 + 22*f + 78. Calculate o(-15).
-27
Let m(c) = -c**3 + 41*c**2 + 87*c - 43. Determine m(43).
0
Let t(c) = 5*c**3 + 7*c**2 - 4*c - 3. Give t(-2).
-7
Let u(k) = -k**3 + 25*k**2 - 23*k - 16. Calculate u(24).
8
Let d(i) = -3*i - 21. What is d(-15)?
24
Let w(k) = -3*k + 6. Determine w(5).
-9
Let c(o) = -11*o + 14. What is c(2)?
-8
Let o(z) = z**2 - 57*z + 211. Calculate o(4).
-1
Let u(b) = b**2 - 7*b - 6. What is u(7)?
-6
Let k(h) = -8*h - 6. Give k(-3).
18
Let y(c) = 3*c - 8. Give y(-7).
-29
Let c(i) = 5*i + 4. What is c(-2)?
-6
Let q(o) = o**3 + 8*o - 7. Calculate q(3).
44
Let l(d) = d**3 + 4*d**2 - d - 4. Determine l(-3).
8
Let w(t) = -t**2 - 8*t - 4. Calculate w(-7).
3
Let a(z) = -4*z**2 - 3*z - 10. Calculate a(-2).
-20
Let g(t) = -t**3 - 4*t**2 - 2*t + 1. Give g(-3).
-2
Let o(n) = n**2 + 17*n + 47. Determine o(-14).
5
Let k(u) = 13*u + 16. What is k(-9)?
-101
Let f(g) = g**3 - 5*g**2. Give f(4).
-16
Let h(x) = 2*x + 21. Determine h(-6).
9
Let n(j) = j - 8. Calculate n(10).
2
Let l(t) = -9*t**2 - 3. Determine l(-2).
-39
Let i(v) = v**3 - 10*v**2 - 9*v - 12. Give i(11).
10
Let h(y) = -y**3 - 5*y**2 - 8*y - 6. Calculate h(-5).
34
Let k(z) = -35*z**2 - 490*z - 6. Give k(-14).
-6
Let j(w) = -w**2 - 2*w + 13. Give j(-5).
-2
Let j(x) = -9*x**2 + 4*x + 9. Determine j(-2).
-35
Let g(l) = -l**2 + 13*l - 23. Calculate g(9).
13
Let c(h) = h**3 - 4*h**2 - 5*h + 3. Give c(3).
-21
Let d(k) = -k**3 + 9*k**2 + 11*k. What is d(10)?
10
Let u(p) = 2*p**2 + 38*p + 111. Calculate u(-3).
15
Let r(n) = -n**3 + 5*n**2 - 2*n. Give r(4).
8
Let j(q) = q**3 - 2*q**2 - q - 31. What is j(0)?
-31
Let q(g) = 3*g - 9. Calculate q(-6).
-27
Let a(x) = -2*x + 35. Calculate a(14).
7
Let n(m) = -2*m**3 + 21*m**2 - 29*m + 177. Give n(10).
-13
Let u(k) = k**2 + 15*k - 11. Determine u(-8).
-67
Let f(l) = l**2 - 13*l + 4. Calculate f(13).
4
Let w(x) = -15*x**2 + 4*x - 6. What is w(2)?
-58
Let y(v) 